e
Is 56547026777 prime?
False
Is 587126873 prime?
False
Is 11765109409 composite?
False
Is 17787460627 a composite number?
True
Is 38293614967 composite?
True
Is 124329533959 a prime number?
True
Is 106862087 a composite number?
True
Is 19667302357 prime?
True
Is 214210837655 prime?
False
Is 3154287463 a prime number?
True
Is 5296535701 prime?
True
Is 1027488419 a prime number?
False
Is 1329058079 prime?
False
Is 501719 prime?
True
Is 10825516391 prime?
True
Is 175269751 a composite number?
True
Is 1881305983 a composite number?
True
Is 5657085853 a composite number?
False
Is 114328225261 prime?
False
Is 6651356489 a composite number?
False
Is 1514392331 a prime number?
False
Is 4057493941 composite?
True
Is 6111281507 composite?
False
Is 1051640741 composite?
False
Is 217024063 composite?
False
Is 7652986807 prime?
True
Is 47902381123 prime?
False
Is 6996959971 composite?
True
Is 9640268177 prime?
False
Is 528962879 composite?
False
Is 898193183 a composite number?
False
Is 2623014115 a composite number?
True
Is 65088803 a prime number?
False
Is 420437431 prime?
True
Is 5451716897 prime?
False
Is 2538189827 prime?
False
Is 33055130351 a composite number?
True
Is 37619340917 a prime number?
True
Is 2028083467 a prime number?
True
Is 2310340922 prime?
False
Is 56022302261 a composite number?
True
Is 45492310343 prime?
True
Is 19134497189 a composite number?
True
Is 39217744141 a prime number?
True
Is 26507719027 prime?
True
Is 9510699491 a composite number?
True
Is 16863574073 a composite number?
False
Is 18361916039 composite?
True
Is 534750076789 a prime number?
True
Is 18717661663 a prime number?
False
Is 188230433 composite?
True
Is 11402653733 a composite number?
True
Is 689470529 a prime number?
False
Is 8681221781 a composite number?
False
Is 3470289749 a composite number?
True
Is 5647594427 a composite number?
True
Is 183665489 composite?
True
Is 19123251893 a prime number?
False
Is 98228329 composite?
True
Is 30314164057 a prime number?
False
Is 522710603 prime?
True
Is 5091237389 prime?
False
Is 61568068957 a prime number?
True
Is 5653968577 prime?
True
Is 25247197561 a prime number?
False
Is 1143345233 composite?
False
Is 6067915987 a prime number?
False
Is 62993918219 composite?
False
Is 4255760401 composite?
True
Is 130933765 prime?
False
Is 2142418919 prime?
False
Is 1938881261 a composite number?
True
Is 37700791 a prime number?
True
Is 66729274093 a composite number?
True
Is 218150389 prime?
True
Is 558053637 prime?
False
Is 484424359 composite?
False
Is 1811564281 a prime number?
True
Is 16953035053 composite?
False
Is 52316629121 a composite number?
True
Is 12109389329 a composite number?
True
Is 18984983 a prime number?
True
Is 41131231 composite?
True
Is 1889602903 a composite number?
False
Is 164089063 prime?
True
Is 1102660747 a prime number?
True
Is 663768463 a prime number?
False
Is 445867546193 composite?
False
Is 1162406081 prime?
True
Is 6303605989 prime?
True
Is 1620678781 a composite number?
False
Is 24195902 a prime number?
False
Is 448559981 composite?
False
Is 12302588671 composite?
True
Is 211567335673 prime?
True
Is 144898316461 a composite number?
False
Is 42565377081 a prime number?
False
Is 27118436077 prime?
False
Is 239086464211 prime?
False
Is 1559306027 composite?
True
Is 628096981 prime?
False
Is 20047799 prime?
False
Is 102329861 composite?
False
Is 8279879857 a prime number?
False
Is 815775781 a composite number?
False
Is 416869463 prime?
True
Is 3618696623 prime?
False
Is 10717572689 prime?
True
Is 13035291709 a prime number?
False
Is 1132537871 composite?
True
Is 17104817 composite?
False
Is 409135901 a composite number?
False
Is 944610929 a prime number?
False
Is 6215860457 composite?
False
Is 245414437 prime?
True
Is 4497574831 prime?
False
Is 5759739857 prime?
False
Is 300880722361 a composite number?
False
Is 99021488249 composite?
False
Is 1181655557 prime?
False
Is 59362651193 prime?
False
Is 74008369049 prime?
True
Is 8614297711 composite?
False
Is 2200844417 a composite number?
False
Is 1157474231 a composite number?
True
Is 4373002607 a prime number?
False
Is 3524663537 prime?
True
Is 8032299787 prime?
False
Is 16417304207 a prime number?
True
Is 2649146501 a prime number?
True
Is 49290509 a prime number?
False
Is 56775645401 a prime number?
True
Is 46248345133 prime?
True
Is 482728447 a composite number?
True
Is 6384413723 a prime number?
True
Is 311796162713 composite?
True
Is 30869695849 composite?
True
Is 124131993619 a prime number?
True
Is 4751041513 composite?
True
Is 643132547 a prime number?
True
Is 19002724483 prime?
True
Is 56350384039 a composite number?
True
Is 29653651637 composite?
True
Is 21640426499 a prime number?
True
Is 5153566489 a composite number?
True
Is 1558990001 a prime number?
True
Is 138043356553 a prime number?
True
Is 2392807789 prime?
True
Is 516074467 a composite number?
False
Is 2587114247 a composite number?
True
Is 5581362287 composite?
False
Is 1630898869 prime?
True
Is 1124866903 composite?
False
Is 3140382499 a composite number?
False
Is 33628446263 composite?
False
Is 339222623 a composite number?
True
Is 13425358654 prime?
False
Is 15114707579 prime?
True
Is 13211615 a composite number?
True
Is 42087743651 composite?
False
Is 1282148849 a composite number?
False
Is 6023282401 composite?
True
Is 414487371 composite?
True
Is 2278964993 a prime number?
True
Is 60661876721 prime?
True
Is 3091256219 composite?
False
Is 193673759707 composite?
False
Is 1182081169 composite?
False
Is 86118679 prime?
False
Is 1113115769 prime?
True
Is 4999014991 a composite number?
False
Is 15069224873 a prime number?
False
Is 994330507 composite?
False
Is 17032443691 a prime number?
False
Is 3955889411 prime?
True
Is 7088863237 prime?
False
Is 159561937 a prime number?
True
Is 45991543823 a prime number?
False
Is 207261867349 composite?
False
Is 1074534077 a prime number?
False
Is 12240240521 a composite number?
False
Is 47062892267 prime?
False
Is 4934197237 a composite number?
False
Is 541223321 prime?
True
Is 1614806737 a composite number?
True
Is 114510021881 composite?
False
Is 1186750753 prime?
True
Is 77474417687 a composite number?
False
Is 48380828219 composite?
True
Is 188527961 a prime number?
False
Is 14161700851 prime?
False
Is 180713166781 a prime number?
False
Is 30223664957 a composite number?
False
Is 597085919 composite?
False
Is 30913643753 composite?
False
Is 7016401621 a composite number?
False
Is 8884639787 composite?
False
Is 262368068993 composite?
False
Is 735560891 a composite number?
True
Is 1196685121 prime?
True
Is 34040988203 a prime number?
False
Is 82789972789 prime?
False
Is 48020983 composite?
True
Is 39314690201 a composite number?
True
Is 923238163 a prime number?
True
Is 624640927 composite?
True
Is 9380154649 prime?
True
Is 6554780377 composite?
False
Is 453178829 a composite number?
True
Is 1854136079 prime?
False
Is 8544185557 composite?
False
Is 1983190091 prime?
True
Is 3170665441 prime?
True
Is 382055887471 a composite number?
False
Is 103653332261 composite?
False
Is 6749325809 composite?
True
Is 461563031 composite?
True
Is 11917155529 a prime number?
True
Is 12299201 prime?
True
Is 588403903 prime?
False
Is 2186183647 prime?
False
Is 3799560161 a composite number?
False
Is 431639279 a prime number?
True
Is 75175489 composite?
False
Is 357491693 a composite number?
True
Is 18500017 prime?
True
Is 35009988641 a prime number?
False
Is 11896770553 a composite number?
False
Is 4016982779 a composite number?
False
Is 1174947667 composite?
False
Is 5987064067 prime?
False
Is 315150449 a composite number?
False
Is 31883479 composite?
True
Is 1876558163 composite?
False
Is 1823589997 composite?
False
Is 25594609 composite?
False
Is 281692409 a composite number?
False
Is 36744381187 prime?
True
Is 971136829 a composite number?
True
Is 296101511 prime?
True
Is 14106490181 composite?
True
Is 247979497 a prime number?
False
Is 299638177 composite?
False
Is 1018467859 composite?
False
Is 10684845517 a composite number?
False
Is 39158833469 a prime number?
False
Is 409574474 composite?
True
Is 259434546802 a composite number?
True
Is 6090880405 a composite number?
True
Is 29258948663 prime?
False
Is 8159112427 prime?
True
Is 271606781 a c